{"id":112,"date":"2015-11-03T14:01:01","date_gmt":"2015-11-03T13:01:01","guid":{"rendered":"http:\/\/kulturpoetik.germanistik.uni-saarland.de\/RomAnt\/?page_id=112"},"modified":"2015-11-20T21:31:31","modified_gmt":"2015-11-20T20:31:31","slug":"ignaz-paul-vitalis-troxler","status":"publish","type":"page","link":"http:\/\/kulturpoetik.germanistik.uni-saarland.de\/RomAnt\/index.php\/anthropologen\/ignaz-paul-vitalis-troxler\/","title":{"rendered":"Ignaz Paul Vitalis Troxler"},"content":{"rendered":"<p><a href=\"http:\/\/kulturpoetik.germanistik.uni-saarland.de\/RomAnt\/wp-content\/uploads\/2015\/11\/troxler.jpg\"><img loading=\"lazy\" decoding=\"async\" class=\"size-medium wp-image-339 alignright\" src=\"http:\/\/kulturpoetik.germanistik.uni-saarland.de\/RomAnt\/wp-content\/uploads\/2015\/11\/troxler-236x300.jpg\" alt=\"troxler\" width=\"236\" height=\"300\" srcset=\"http:\/\/kulturpoetik.germanistik.uni-saarland.de\/RomAnt\/wp-content\/uploads\/2015\/11\/troxler-236x300.jpg 236w, http:\/\/kulturpoetik.germanistik.uni-saarland.de\/RomAnt\/wp-content\/uploads\/2015\/11\/troxler.jpg 264w\" sizes=\"(max-width: 236px) 100vw, 236px\" \/><\/a><\/p>\n<p><span style=\"font-family: Arial;\"><b>Philosoph, Arzt, Politiker<\/b><\/span><\/p>\n<p>&nbsp;<\/p>\n<p><span style=\"font-family: Arial;\"><b>Geboren: <\/b>17. 08. 1780 in M\u00fcnster (Kanton Luzern)<\/span><\/p>\n<p><span style=\"font-family: Arial;\"><b>Gestorben: <\/b>06. 03. 1866 in Aarau<\/span><\/p>\n<p>&nbsp;<\/p>\n<p><span style=\"font-family: Arial;\"><b>Promotion: <\/b>1803 in G\u00f6ttingen (Medizin)<\/span><\/p>\n<p><span style=\"font-family: Arial;\"><b>Lehrt\u00e4tigkeit:<\/b> 1820 &#8211; 1821 Luzern, 1830 &#8211; 1831 Basel, 1834 &#8211; 1850 Bern<\/span><\/p>\n<p>&nbsp;<\/p>\n<p><span style=\"font-family: Arial;\">Troxler, der 1800 nach Jena gekommen war, um Philosophie und Medizin zu studieren, h\u00f6rte Vorlesungen bei Schelling und wurde bald ein begeisterter Anh\u00e4nger des Philosophen. Die Doktorw\u00fcrde erlangte Troxler in G\u00f6ttingen, anschlie\u00dfend lebte er kurzzeitig in Wien (hier schlo\u00df er Freundschaft mit Beethoven) und ab 1805 in Luzern, wo er als praktischer Arzt t\u00e4tig wurde. Nebenbei entfaltete er eine rege schriftstellerische T\u00e4tigkeit; seine &#8222;Ideen zur Grundlage der Nosologie und Therapie&#8220; von 1803 fanden Schellings lebhaften Beifall. Troxler begab sich in den folgenden Jahren auf mehrere Reisen, bevor er vor\u00fcbergehend in seiner Heimatstadt M\u00fcnster wieder se\u00dfhaft wurde. Durch die 1811 erschienene Schrift &#8222;Blicke in das Wesen des Menschen&#8220; markierte Troxler den Bruch mit der Naturphilosophie Schellings. Die Anthropologie bildete fortan f\u00fcr den freilich weiterhin auf spekulativen Pfaden wandelnden Troxler den Mittelpunkt aller Welterkenntnis. Troxler war auch politisch nicht unt\u00e4tig; 1815 als Abgesandter der Schweiz Teilnehmer am am Wiener Kongre\u00df, zeigte er sich als Interessenvertreter der Demokratie. Politische Gr\u00fcnde waren es denn auch, die seine akademische Laufbahn stark beeintr\u00e4chtigten. 1820 erhielt er eine Stelle als Professor f\u00fcr Geschichte und Philosophie am Luzerner Lyceum, 1830 berief man ihn als Professor f\u00fcr Philosophie an die Baseler Universit\u00e4t. Aus beiden \u00c4mtern mu\u00dfte der politisch mi\u00dfliebige Gelehrte jeweils nach einem knappen Jahr schon wieder ausscheiden. Troxler, der in den Jahren zwischen seinen beiden Berufungen in Aarau als Arzt praktiziert und ein Erziehungsinstitut geger\u00fcndet hatte, bekam 1834 dann aber endlich eine ordentliche Professur an der neugegr\u00fcndeten Universit\u00e4t in Bern zugesprochen, die er bis 1850 behalten durfte. Auf seinem Landgut in Aarau verbrachte der Wissenschaftler schlie\u00dflich die nach der Pensionierung ihm noch verbleibenden Jahre.<\/span><\/p>\n<p>&nbsp;<\/p>\n","protected":false},"excerpt":{"rendered":"<p>Philosoph, Arzt, Politiker &nbsp; Geboren: 17. 08. 1780 in M\u00fcnster (Kanton Luzern) Gestorben: 06. 03. 1866 in Aarau &nbsp; Promotion: 1803 in G\u00f6ttingen (Medizin) Lehrt\u00e4tigkeit: 1820 &#8211; 1821 Luzern, 1830 &#8211; 1831 Basel, 1834 &#8211; 1850 Bern &nbsp; Troxler, der 1800 nach Jena gekommen war, um Philosophie und Medizin zu studieren, h\u00f6rte Vorlesungen bei Schelling &hellip; <a href=\"http:\/\/kulturpoetik.germanistik.uni-saarland.de\/RomAnt\/index.php\/anthropologen\/ignaz-paul-vitalis-troxler\/\" class=\"more-link\"><span class=\"screen-reader-text\">Ignaz Paul Vitalis Troxler<\/span> weiterlesen <span class=\"meta-nav\">&rarr;<\/span><\/a><\/p>\n","protected":false},"author":1,"featured_media":0,"parent":80,"menu_order":17,"comment_status":"closed","ping_status":"closed","template":"","meta":{"footnotes":""},"_links":{"self":[{"href":"http:\/\/kulturpoetik.germanistik.uni-saarland.de\/RomAnt\/index.php\/wp-json\/wp\/v2\/pages\/112"}],"collection":[{"href":"http:\/\/kulturpoetik.germanistik.uni-saarland.de\/RomAnt\/index.php\/wp-json\/wp\/v2\/pages"}],"about":[{"href":"http:\/\/kulturpoetik.germanistik.uni-saarland.de\/RomAnt\/index.php\/wp-json\/wp\/v2\/types\/page"}],"author":[{"embeddable":true,"href":"http:\/\/kulturpoetik.germanistik.uni-saarland.de\/RomAnt\/index.php\/wp-json\/wp\/v2\/users\/1"}],"replies":[{"embeddable":true,"href":"http:\/\/kulturpoetik.germanistik.uni-saarland.de\/RomAnt\/index.php\/wp-json\/wp\/v2\/comments?post=112"}],"version-history":[{"count":2,"href":"http:\/\/kulturpoetik.germanistik.uni-saarland.de\/RomAnt\/index.php\/wp-json\/wp\/v2\/pages\/112\/revisions"}],"predecessor-version":[{"id":348,"href":"http:\/\/kulturpoetik.germanistik.uni-saarland.de\/RomAnt\/index.php\/wp-json\/wp\/v2\/pages\/112\/revisions\/348"}],"up":[{"embeddable":true,"href":"http:\/\/kulturpoetik.germanistik.uni-saarland.de\/RomAnt\/index.php\/wp-json\/wp\/v2\/pages\/80"}],"wp:attachment":[{"href":"http:\/\/kulturpoetik.germanistik.uni-saarland.de\/RomAnt\/index.php\/wp-json\/wp\/v2\/media?parent=112"}],"curies":[{"name":"wp","href":"https:\/\/api.w.org\/{rel}","templated":true}]}}